4. Calculate w(11).
57
Let l(z) = -3*z**2 - 7*z - 19. Give l(-7).
-117
Let z(n) = 29725*n + 59453. Give z(-2).
3
Let u(y) = -54*y - 143. Calculate u(-4).
73
Let h(l) = -5*l**3 + 3*l**2 - l - 3. Give h(-1).
6
Let m(p) = p**3 - 14*p**2 + 49*p - 12. Give m(6).
-6
Let h(n) = -n**3 + 2*n**2 + 19*n - 13. Give h(5).
7
Let f(m) = -668*m + 7. Calculate f(1).
-661
Let b(d) = d**3 + 267*d**2 + 1036*d - 4213. Determine b(-263).
-5
Let i(j) = -j**2 + 197*j + 1901. Calculate i(206).
47
Let w(k) = k**3 + 23*k**2 - 281*k + 493. Give w(7).
-4
Let j(l) = -l**2 - 38*l + 832. Determine j(14).
104
Let i(c) = 2*c**3 + 26*c**2 + 59*c - 27. What is i(-3)?
-24
Let z(x) = 25*x - 46. Determine z(5).
79
Let g(m) = -m**3 + 31*m**2 - 36*m + 75. What is g(30)?
-105
Let g(r) = -46*r + 2702. Determine g(58).
34
Let v(p) = 37*p**2 - 2624*p - 172. Determine v(71).
41
Let x(z) = 21*z**2 + 594*z - 432. What is x(-29)?
3
Let i(c) = -c**3 - 44*c**2 - 255*c + 132. Give i(-37).
-16
Let y(h) = 2*h**2 + 26*h - 4. Determine y(-17).
132
Let q(y) = -y**2 - 88*y + 2320. What is q(-109)?
31
Let x(u) = -u**3 + 7*u**2 + 40*u - 97. Calculate x(10).
3
Let t(y) = 65*y + 562. Determine t(-9).
-23
Let b(s) = -s**3 - 10*s**2 - 20*s + 26. Determine b(-5).
1
Let w(u) = -4*u**2 - 110*u - 664. Give w(-9).
2
Let z(j) = -5*j**3 + 5*j**2 + 11*j + 6. Determine z(-1).
5
Let l(o) = -20*o**2 + 142*o - 22. Calculate l(7).
-8
Let t(o) = o**3 - 25*o**2 - 2*o + 31. What is t(25)?
-19
Let v(y) = 31*y - 258. Calculate v(8).
-10
Let b(o) = -30*o**2 - 170*o + 7. Determine b(-5).
107
Let s(v) = -14835*v + 148354. Determine s(10).
4
Let k(p) = 1614*p + 16124. Give k(-10).
-16
Let u(h) = -15*h + 26. Determine u(-13).
221
Let p(v) = -v**3 - 84*v**2 - 79*v + 298. Give p(-83).
-34
Let t(f) = 24*f**3 - 4*f**2 + 2*f. Calculate t(2).
180
Let a(l) = 6*l**2 + 26*l + 1. Determine a(6).
373
Let x(b) = 245*b + 1049. Determine x(-4).
69
Let b(l) = -l**2 + 157*l + 11382. What is b(-54)?
-12
Let o(g) = 13*g - 606. Give o(35).
-151
Let l(x) = -74*x - 2329. Determine l(-25).
-479
Let r(a) = -1497*a - 2894. What is r(-2)?
100
Let c(t) = -t**3 - 630*t**2 + 2553*t - 13. Give c(4).
55
Let g(j) = -464*j - 491. Calculate g(-1).
-27
Let t(c) = c**3 + 11*c**2 - 26*c + 195. Give t(-14).
-29
Let c(h) = 3160*h - 192771. Calculate c(61).
-11
Let f(l) = 92*l**3 + 5*l**2 + 4*l - 7. Determine f(2).
757
Let m(g) = -5*g**2 - 43*g - 47. Calculate m(-7).
9
Let a(g) = 28*g + 429. Calculate a(-28).
-355
Let r(p) = 10*p - 241. Determine r(22).
-21
Let a(m) = 433*m - 1314. Determine a(3).
-15
Let q(r) = r**3 - 13*r**2 + 11*r + 742. Determine q(-6).
-8
Let y(g) = -g**3 + 20*g**2 + 5*g + 7. Give y(20).
107
Let x(s) = -1062*s + 64775. Give x(61).
-7
Let h(o) = -o + 3. Calculate h(-5).
8
Let v(d) = -63*d + 1249. What is v(20)?
-11
Let j(t) = t**3 + 21*t**2 + 77*t - 334. What is j(-14)?
-40
Let w(v) = 9*v**2 + 38*v + 80. Calculate w(-4).
72
Let c(f) = -862*f + 206878. Determine c(240).
-2
Let t(f) = 5557*f + 10. Give t(0).
10
Let v(p) = -p**2 + 22*p - 152. Calculate v(15).
-47
Let f(g) = 3617*g + 75946. Give f(-21).
-11
Let g(c) = 19*c**2 + 77*c - 158. What is g(2)?
72
Let w(g) = -22*g**2 - 4839*g + 221. Determine w(-220).
1
Let g(z) = 3*z**2 - 43*z + 31. Give g(15).
61
Let v(j) = 8*j**3 + 62*j**2 - 102*j - 59. What is v(-9)?
49
Let p(w) = 6*w**2 - 222*w + 1. What is p(37)?
1
Let q(j) = 11*j**3 - 30*j**2 - 12*j + 17. Determine q(5).
582
Let z(u) = 2039*u - 14275. Determine z(7).
-2
Let g(v) = v**2 - 64*v + 410. Determine g(57).
11
Let u(x) = 4*x - 379. What is u(11)?
-335
Let m(h) = -22*h - 1049. Give m(-45).
-59
Let m(v) = 6048*v - 12097. What is m(2)?
-1
Let i(x) = -4*x**2 + 30*x + 96. Give i(10).
-4
Let n(m) = m**2 - 88*m + 1453. Calculate n(26).
-159
Let d(u) = -203*u - 23139. Give d(-114).
3
Let o(z) = z**3 + 63*z**2 + 125*z - 157. Determine o(-61).
-340
Let t(b) = -b**2 - 39*b + 239. Calculate t(-41).
157
Let z(q) = q**3 - 48*q**2 + 474*q + 69. Calculate z(34).
1
Let z(o) = 89*o**2 + 14*o + 1. Give z(1).
104
Let b(w) = -w**3 - 13*w**2 - 34. Calculate b(-13).
-34
Let w(c) = -2*c**2 + 83*c + 1605. Give w(56).
-19
Let x(i) = -i**3 - 12*i**2 - 17*i + 120. Calculate x(-6).
6
Let o(b) = -294*b + 12069. Give o(41).
15
Let g(q) = 579*q + 15695. Give g(-27).
62
Let t(a) = a**2 + 100*a - 2538. Determine t(21).
3
Let w(g) = -g**2 - 38*g + 945. Calculate w(-56).
-63
Let z(a) = -a**3 + 22*a**2 - 51*a + 226. What is z(20)?
6
Let l(g) = -g**2 + 25*g + 613. Give l(41).
-43
Let k(u) = 4*u**2 - 16*u - 253. What is k(-16)?
1027
Let o(c) = 16*c - 121. Determine o(6).
-25
Let h(k) = 74*k**2 - 1267*k + 166. Give h(17).
13
Let p(z) = -56*z + 32. Calculate p(6).
-304
Let l(a) = -45*a + 354. Give l(7).
39
Let c(d) = 61*d - 1122. Calculate c(26).
464
Let x(z) = -58*z + 27. Give x(3).
-147
Let a(g) = 90*g - 514. Determine a(7).
116
Let k(h) = -h**2 - 58*h + 670. Give k(10).
-10
Let u(r) = -3*r**3 + 7*r**2 + 77*r - 58. Give u(6).
8
Let p(v) = v**3 - 44*v**2 + 311*v + 1705. Calculate p(33).
-11
Let w(b) = 40*b + 3187. What is w(-80)?
-13
Let c(s) = -s**2 - 6*s + 37. Calculate c(6).
-35
Let r(g) = 4*g**3 + 40*g**2 + 12*g + 71. Determine r(-10).
-49
Let u(r) = -1765*r - 363583. Determine u(-206).
7
Let v(o) = -o**3 - 18*o**2 - o - 38. Calculate v(-18).
-20
Let g(h) = 4*h**2 + 73*h + 98. What is g(-19)?
155
Let q(r) = -2*r**3 - 59*r**2 - 333*r - 47. Calculate q(-22).
19
Let l(r) = -1888*r - 52884. Determine l(-28).
-20
Let w(u) = -2*u**3 - 40*u**2 + 43*u + 69. Determine w(-21).
48
Let h(n) = -31*n - 1597. Determine h(-51).
-16
Let u(r) = r**2 + 550*r - 1632. Determine u(3).
27
Let n(b) = -14*b + 93. What is n(4)?
37
Let o(i) = -99*i - 2840. Give o(-33).
427
Let y(n) = 20*n**2 + 20*n + 60. Give y(-5).
460
Let t(c) = c**3 + 13*c**2 - 46*c + 457. Give t(-17).
83
Let a(x) = x**3 + 22*x**2 - 193*x + 84. Determine a(-29).
-206
Let v(q) = -14*q**3 + q**2 - 5*q + 5. Calculate v(1).
-13
Let g(b) = -b**2 + 37*b + 472. Give g(47).
2
Let l(p) = 4*p**2 + 43*p + 92. Calculate l(-3).
-1
Let t(l) = -353*l + 38468. Determine t(109).
-9
Let y(p) = 153*p**3 + 4*p**2 - 10*p + 6. Determine y(1).
153
Let l(d) = 138*d - 7040. Give l(51).
-2
Let d(t) = -t**2 + 81*t - 1519. Determine d(51).
11
Let v(b) = 2*b**2 + 507*b - 4084. Determine v(8).
100
Let h(w) = w**3 - 14*w**2 - 64*w + 513. Give h(16).
1
Let x(v) = 3*v**3 - 12*v**2 + 642*v - 2533. What is x(4)?
35
Let g(r) = -r**3 + 67*r**2 - 970*r + 184. What is g(46)?
0
Let v(u) = u**2 + 143*u + 669. Give v(-138).
-21
Let c(m) = -48*m + 271. What is c(6)?
-17
Let f(r) = r**2 + 36*r + 288. Determine f(-14).
-20
Let b(j) = -10*j**2 - 72*j - 43. Determine b(-11).
-461
Let x(v) = 19*v**2 + 27*v + 38. Determine x(4).
450
Let t(a) = a**2 + 6*a - 7. Determine t(-7).
0
Let s(u) = -152*u - 11. Give s(-1).
141
Let a(l) = -3*l**3 - 9*l**2 + 136*l + 127. Determine a(-8).
-1
Let l(h) = 65*h - 541. Determine l(13).
304
Let w(a) = -170*a + 1827. Give w(11).
-43
Let r(l) = 4*l**2 + 11*l - 26. What is r(-6)?
52
Let k(w) = -12*w**2 + 5*w + 621. Give k(-7).
-2
Let h(z) = -202*z**2 - 607*z + 5. What is h(-3)?
8
Let n(z) = 198*z + 1549. What is n(-7)?
163
Let t(j) = -8*j**2 + 21*j - 73. Give t(4).
-117
Let q(x) = 334*x - 249. Calculate q(2).
419
Let h(q) = q**3 + 30*q**2 + 31*q + 1926. Calculate h(-31).
4
Let d(v) = 4*v**2 - v - 20. Give d(7).
169
Let c(z) = 61*z + 743. What is c(-12)?
11
Let d(n) = 12*n**3 - 153*n**2 - 40*n - 23. Give d(13).
-36
Let s(x) = x**3 - 10*x**2 - 55*x + 10. Determine s(14).
24
Let i(s) = 19*s**2 + 28*s - 2. Calculate i(-7).
733
Let s(r) = -r**2 + 29*r - 122. Calculate s(27).
-68
Let a(h) = -37*h - 2763. What is a(-72)?
-99
Let w(d) = -121*d**3 + 1336*d**2 - 63*d + 80. What is w(11)?
-8
Let w(k) = k**2 - 32*k - 519. What is w(47)?
186
Let k(f) = 146*f - 5979. Determine k(41).
7
Let z(p) = -2*p**2 - 58*p - 68. What is z(-29)?
-68
Let h(c) = 127*c - 383. What is h(3)?
-2
Let a(m) = 44*m - 3244. Determine a(73).
-32
Let c(l) = 2*l**3 - 28*l**2 - 4*l - 13. What is c(14)?
-69
Let f(k) = -k**2 - 26*k + 3317. Give f(46).
5
Let q(w) = -w**3 - 66*w**2 - 250*w - 175. What is q(-62)?
-51
Let r(f) = -f**3 + 22*f**2 - 88*f + 9. Determine r(6).
57
Let f(j) = 5*j - 104. Determine f(33).
61
Let y(t) = 2540*t + 15239. What is y(-6)?
-1
Let x(b) = -37*b**2 - 22*b + 21. Det